v - 139. What is i(29)?
-139
Let l(x) = -306*x + 6120. What is l(20)?
0
Let b(o) = 11631*o - 151206. Determine b(13).
-3
Let t(u) = -2*u**2 - 11*u + 838. What is t(-23)?
33
Let i(w) = -3*w**3 - 82*w**2 + 59*w + 121. Calculate i(-28).
37
Let f(v) = -149*v - 1996. Calculate f(-11).
-357
Let c(y) = 770*y + 13856. Give c(-18).
-4
Let k(v) = 10*v**2 - 141*v - 414. Calculate k(-3).
99
Let z(n) = 36*n**2 - 299*n + 95. What is z(8)?
7
Let x(j) = 866*j - 3522. Calculate x(4).
-58
Let q(k) = 62*k - 568. Calculate q(7).
-134
Let q(g) = -g**2 - 32*g - 255. Give q(-15).
0
Let w(v) = 3*v**3 - 235*v**2 + 83*v - 400. What is w(78)?
-10
Let d(r) = 4*r**2 - 60*r - 19. Calculate d(15).
-19
Let k(j) = -8282*j - 8257. Determine k(-1).
25
Let n(a) = -a**3 - a**2 - 3*a - 143. What is n(0)?
-143
Let p(g) = -g**3 - 37*g**2 + 43*g + 118. What is p(-38)?
-72
Let k(f) = 1257*f - 12569. Calculate k(10).
1
Let h(y) = 129*y + 2834. Calculate h(-20).
254
Let q(f) = -5*f + 93. What is q(17)?
8
Let h(q) = 4*q - 237. What is h(9)?
-201
Let q(m) = m**3 + 41*m**2 - 83*m - 3. What is q(2)?
3
Let p(l) = l**2 - 122*l + 2863. Give p(32).
-17
Let b(m) = -2573*m + 15436. What is b(6)?
-2
Let l(f) = -10*f**2 - 30*f + 60. Give l(2).
-40
Let r(d) = -23*d**2 + 21*d + 24. Give r(-1).
-20
Let l(k) = -22*k + 28. Give l(-3).
94
Let a(q) = -q**2 + 5*q + 7. Calculate a(-1).
1
Let h(p) = 85*p - 285. Determine h(8).
395
Let n(s) = 2*s**2 - 72*s - 1669. What is n(52)?
-5
Let q(c) = -985*c - 10674. What is q(-11)?
161
Let u(r) = 150*r - 1353. Determine u(9).
-3
Let a(t) = 31*t + 750. Give a(-34).
-304
Let t(l) = -l**3 + 3*l - 185. Calculate t(0).
-185
Let i(o) = -4*o**2 - 13*o - 17. Calculate i(-9).
-224
Let q(u) = 2*u**2 + 15*u - 1. Determine q(-5).
-26
Let h(b) = 78*b**3 - 76*b**2 + 12*b - 8. Determine h(1).
6
Let t(o) = -2*o**2 - 20*o + 74. Give t(-13).
-4
Let h(g) = -g**2 + 22*g - 56. Give h(14).
56
Let b(u) = 3*u**3 + 158*u**2 + 803*u + 108. What is b(-47)?
-80
Let w(v) = v**3 - 18*v**2 - 180*v + 108. Determine w(25).
-17
Let g(d) = -6*d**3 - 193*d**2 - 226*d - 17. Give g(-31).
262
Let l(k) = 4*k**3 + 73*k**2 - 143*k - 71. Determine l(-20).
-11
Let r(b) = b**3 - 89*b**2 + 16*b - 1453. What is r(89)?
-29
Let s(z) = 361*z - 1790. What is s(5)?
15
Let h(o) = 31*o + 242. Determine h(-15).
-223
Let w(a) = a**3 - 82*a**2 + 1055*a + 58. What is w(66)?
-8
Let p(h) = -h**3 - 60*h**2 - 57*h + 167. Give p(-59).
49
Let a(c) = -2*c**2 - 24*c + 81. Determine a(-14).
25
Let c(t) = -t**3 + 36*t**2 + 7*t - 245. Give c(36).
7
Let q(d) = 15*d + 533. Give q(-35).
8
Let u(f) = -100*f - 23. What is u(0)?
-23
Let n(a) = 6*a**3 + 29*a**2 + 9*a. What is n(-5)?
-70
Let s(h) = 40*h - 56. Determine s(1).
-16
Let s(m) = 3*m**3 + 28*m**2 - 12*m - 9. Give s(-9).
180
Let u(v) = -v**3 + 25*v**2 + 148*v - 31. Calculate u(30).
-91
Let h(l) = 290*l**2 + 1742*l + 5. Determine h(-6).
-7
Let p(r) = -r**2 - 6*r + 94. Calculate p(-6).
94
Let a(l) = 122*l**2 - l - 6. Determine a(-2).
484
Let r(x) = -6*x**3 - 246*x**2 + 4*x + 182. Determine r(-41).
18
Let m(s) = s**2 + 9*s - 277. Determine m(13).
9
Let l(z) = -2*z**2 + 449*z - 22570. Give l(76).
2
Let r(l) = -l**3 + 10*l**2 + 14*l - 31. What is r(11)?
2
Let m(t) = -5*t**2 - 7*t + 58. Give m(0).
58
Let d(a) = -31*a**3 - 3*a + 2. What is d(1)?
-32
Let z(k) = 12*k**2 - 101*k + 684. Determine z(7).
565
Let f(l) = -l**3 - 2*l**2 + 8*l + 12. What is f(-3)?
-3
Let c(s) = 230*s - 60. Determine c(-1).
-290
Let b(a) = a**3 + 207*a**2 + 8058*a - 326. Give b(-155).
-16
Let g(d) = d**2 - 20*d - 164. Determine g(25).
-39
Let y(d) = -d**3 + 19*d**2 - 65*d + 116. Determine y(12).
344
Let y(d) = 5327*d + 26589. Determine y(-5).
-46
Let n(p) = 1957*p + 31327. Calculate n(-16).
15
Let j(q) = -q**3 - 9*q**2 - 16*q - 41. Determine j(-7).
-27
Let r(a) = -a**3 - 3*a**2 + 35*a + 92. What is r(-5)?
-33
Let a(y) = 3*y**2 + 137*y - 392. Determine a(3).
46
Let c(m) = 36*m + 837. Calculate c(-14).
333
Let l(q) = q**3 + 28*q**2 + 7*q + 217. What is l(-28)?
21
Let b(i) = 3*i**3 - 11*i**2 - 593*i + 11. What is b(16)?
-5
Let r(m) = -m**2 + 69*m - 233. Give r(65).
27
Let m(f) = f**2 - 28*f + 59. What is m(8)?
-101
Let g(w) = -w**3 + 17*w**2 + 13*w + 39. Determine g(18).
-51
Let w(l) = 130*l - 101. What is w(5)?
549
Let l(m) = -10*m + 577. Calculate l(62).
-43
Let s(c) = 623*c - 6868. What is s(11)?
-15
Let s(r) = r**2 + 291*r + 3601. Calculate s(-13).
-13
Let g(c) = -2*c**2 - 41*c - 41. What is g(-19)?
16
Let a(j) = -3*j**2 + 24*j + 193. What is a(13)?
-2
Let u(t) = -661*t + 6. Calculate u(0).
6
Let d(g) = -4*g**2 + 565*g - 2854. What is d(5)?
-129
Let o(s) = 16*s - 322. What is o(19)?
-18
Let z(m) = 1307*m - 7846. Calculate z(6).
-4
Let q(f) = -4*f**2 + 97*f + 152. Determine q(26).
-30
Let j(u) = 92*u + 859. Determine j(-18).
-797
Let f(n) = 3*n**2 + 36*n + 146. What is f(-4)?
50
Let h(g) = 96*g**2 - 7*g + 8. Calculate h(2).
378
Let u(w) = -2*w**3 - 107*w**2 + 49*w - 367. What is u(-54)?
-97
Let w(x) = -190*x**2 + 1141*x - 10. What is w(6)?
-4
Let x(l) = -23102*l - 69315. Give x(-3).
-9
Let a(m) = -300*m + 3860. Determine a(13).
-40
Let w(y) = -100*y**2 - 495*y + 37. Give w(-5).
12
Let u(s) = 40*s - 4094. Give u(116).
546
Let m(s) = 48*s**2 + 20*s + 8. Calculate m(-1).
36
Let m(g) = -2*g**3 + 465*g**2 - 2500*g + 679. Give m(227).
-2
Let j(r) = -41*r**2 + 1. What is j(-1)?
-40
Let n(z) = 234*z - 6312. Determine n(27).
6
Let m(r) = -3*r**3 - 3*r**2 - 51*r - 52. What is m(-1)?
-1
Let f(g) = -g**2 + 11*g + 520. Give f(29).
-2
Let f(g) = -g**2 + 8*g - 12. What is f(8)?
-12
Let i(g) = -30593*g - 214152. What is i(-7)?
-1
Let o(a) = -a + 51. What is o(38)?
13
Let c(b) = 2*b**3 - 5*b**2 - 14*b + 35. Determine c(3).
2
Let d(w) = w**3 - 11*w**2 + 10*w + 13. Give d(9).
-59
Let d(f) = f**3 - 5*f**2 - 84*f + 449. Give d(6).
-19
Let s(l) = 141*l + 2194. Determine s(-15).
79
Let w(j) = 619*j - 24139. Calculate w(39).
2
Let i(n) = -2*n**3 + 37*n**2 - 16*n + 13. Determine i(18).
49
Let j(c) = -2*c**2 + 51*c + 372. Calculate j(31).
31
Let w(d) = d**3 - 30*d**2 + 6*d + 6. What is w(30)?
186
Let h(z) = 2*z**3 + 62*z**2 + 59*z + 1. Calculate h(-30).
31
Let t(q) = 11*q - 174. Give t(17).
13
Let r(m) = 3*m**3 - 111*m**2 - 105*m - 349. Give r(38).
-7
Let n(k) = -k**2 - 95*k - 2235. Determine n(-46).
19
Let t(s) = s**3 - 31*s**2 - 52*s + 644. Give t(32).
4
Let o(g) = 2219*g - 15509. Give o(7).
24
Let n(l) = l**3 + 14*l**2 - 40*l - 142. What is n(-16)?
-14
Let v(g) = 15*g + 920. What is v(-46)?
230
Let t(f) = 174*f - 1099. Give t(6).
-55
Let u(x) = x**2 + 15*x - 153. Determine u(7).
1
Let t(u) = -3*u**2 + 18*u + 727. Give t(19).
-14
Let d(o) = 83*o - 132. Determine d(-1).
-215
Let j(w) = 295*w + 19190. Give j(-65).
15
Let i(v) = -54*v**2 + 15*v - 45. Calculate i(2).
-231
Let y(i) = -1196*i - 10772. Calculate y(-9).
-8
Let l(u) = -4*u + 7. Calculate l(-3).
19
Let h(f) = 2*f**3 + 173*f**2 - 88*f - 81. What is h(-87)?
6
Let f(o) = 6*o**2 + 193*o - 1646. What is f(7)?
-1
Let i(l) = -l**3 - 53*l**2 + 169*l + 56. Give i(-56).
0
Let l(v) = 8*v**2 - 382*v - 381. Determine l(-1).
9
Let d(v) = 63*v - 45. Determine d(1).
18
Let j(c) = 201*c**2 - 1005*c - 7. Calculate j(5).
-7
Let m(g) = 13*g**3 + g**2 + 18*g - 24. Determine m(1).
8
Let w(b) = -2*b**3 - 133*b**2 - 1829*b + 178. Calculate w(-47).
-10
Let z(i) = i**2 + 53*i + 421. Calculate z(-43).
-9
Let a(i) = -i**3 - 44*i**2 - 461*i - 59. Determine a(-27).
-5
Let p(k) = 3*k**3 - 5*k**2 + 15*k - 7. Calculate p(3).
74
Let a(m) = -13*m - 203. Calculate a(-22).
83
Let w(f) = 3*f**3 + 19*f**2 + 16*f + 199. Calculate w(-7).
-11
Let h(g) = 216*g + 20930. Determine h(-97).
-22
Let k(p) = -57*p - 6732. What is k(-118)?
-6
Let s(p) = -2*p**3 + 8*p**2 - 27*p + 38. Determine s(3).
-25
Let c(m) = -11258*m + 67548. Give c(6).
0
Let z(j) = j**3 + 14*j**2 + 28*j. Give z(-8).
160
Let k(z) = z**2 + 27*z - 1000. What is k(-48)?
8
Let d(c) = -8*c**2 + 91*c - 79. What is d(10)?
31
Let m(c) = 3778*c - 26460. Calculate m(7).
-14
Let u(y) = -2*y**3 - 17*y**2 - 60*y - 415. Determine u(-7).
-142
Let q(j) = -27*j**2 - 1008*j + 660. Give q(-38).
-24
Let d(x) = 3*x**3 + 5*x**2 + 149*x + 722. Determine d(-5).
-273
Let d(x) = 23*x - 192. Give d(8).
-8
Let o(n) = 3*n**2 + 15*n - 2. Calculate o(-3).
-20
Let i(g) = -g**3 - 17*g**2 + 